
2
Suppose 0 - 4 = -3*m - u, -2*m + u + 11 = 0. Suppose m*c = 313 - 85. Suppose -c + 28 = -4*h. What is the tens digit of h?
1
Let h = 239 + -184. What is the tens digit of h?
5
Suppose 0 = -2*x + 3*v + v - 4, 10 = x + 2*v. Suppose x*g - 5*g = -6. Suppose g = r - 5. What is the tens digit of r?
1
Let b(j) = 3*j**2 - 2*j - 3. What is the units digit of b(-3)?
0
Suppose 3*i = v - i + 4, -4*i = -3*v + 12. Suppose -42 = -3*y + 2*m, -4*y + 2*y + 5*m + 39 = 0. Let a = y - v. What is the units digit of a?
4
Suppose -12 = -4*v + v. Suppose -v = u - 3*u. What is the tens digit of 5/(-10) + 47/u?
2
Let a(u) = u + 8. Let h be a(-7). Suppose -5*j + 14 = -o, 3*o + h = -j + 7. What is the units digit of j?
3
Let o be (-1*6)/((-3)/2). Suppose -3*r + 19 = 2*r + 2*x, -4*r = -4*x - o. Suppose -r*z + 15 = 0, 3*u - 5 - 7 = 3*z. What is the units digit of u?
9
Let s be 81/5 + 1/(-5). Suppose -l + s = 6. What is the units digit of l?
0
Let u = 74 - 73. What is the units digit of u?
1
Let j(y) = -80*y - 8. What is the units digit of j(-2)?
2
Let c = 70 - -37. What is the tens digit of c?
0
Let j = 0 - 0. Suppose -3*v + 18 = -j. Suppose 0 = -v*g + 4*g + 2. What is the units digit of g?
1
Suppose 7*h - 2*h = -5*t + 420, 2*t = 5*h + 168. What is the units digit of t?
4
Suppose -h - 5*v = 2*h - 26, h + 8 = -5*v. What is the units digit of h?
7
Let y = 26 + -23. Suppose y*c = 4*c - 25. What is the units digit of c?
5
Suppose 8 + 7 = -5*t. Let z = 7 + t. Suppose -z*j - 5 = -41. What is the units digit of j?
9
Let f(w) = -8*w - 6. Let j(n) = 5*n + 7. Let d(r) = -14*r - 22. Let s(v) = 2*d(v) + 7*j(v). Let t(g) = 5*f(g) + 6*s(g). What is the units digit of t(3)?
6
Suppose 0*c - 4*c - 744 = -4*l, -2*l - 5*c + 351 = 0. What is the units digit of l?
3
Let n(a) = -3*a**2 - 2*a + 1. Let p(b) = b**2. Let f(u) = n(u) + p(u). Let o be f(-2). What is the units digit of (-24)/o + -1 - -2?
9
Suppose 0 = -5*x - 0*i - 4*i + 28, -4*i + 16 = 2*x. Let h be 13/4 + 2/(-8). Suppose h + x = q. What is the units digit of q?
7
Suppose -18 = 7*p - 8*p. What is the units digit of p?
8
Let z(p) = -p**2 - 31*p - 29. What is the units digit of z(-10)?
1
Let f = -2 - -3. Let s = 12 + f. What is the units digit of s?
3
Let z(o) = 4*o**3 - 3*o**2 + 3*o - 3. What is the tens digit of z(2)?
2
Suppose 26*c - 31*c + 745 = 0. What is the hundreds digit of c?
1
Let x(d) = -6*d**3 + 2*d + 1. Let v be x(-1). Suppose v*i - 2*i = 12. What is the units digit of i?
4
Suppose 257 = 3*l - d, -3*l + 5*l + d - 173 = 0. What is the tens digit of l?
8
Let b(z) = -z**2 - 4*z + 5. Let d be b(-5). Suppose d = -5*k - 8 - 12. What is the units digit of (-2)/((-4)/(-2 - k))?
1
Let f(t) = -3*t + 26. What is the units digit of f(-11)?
9
Suppose -2 = 4*q + 2. Let a be q/(-2) + (-3)/6. Suppose 2*b + a*b = 24. What is the tens digit of b?
1
Let q(g) = -8*g**2 - 1 - 6*g + g**3 - 2 + 5 + 2*g**2. What is the units digit of q(7)?
9
Let a be (1 - 1)*(-2 + 1). Let x(m) = 0 - m - 5 + a*m. What is the units digit of x(-6)?
1
Let m(x) = 37*x + 3. What is the tens digit of m(1)?
4
Let i = 35 + -14. Suppose -5*l - 3*o = -5*o - i, -o + 2 = 0. What is the units digit of l?
5
Let o(w) = -w + 11. Let v be o(11). Suppose v*b - b = -13. What is the tens digit of b?
1
Suppose 2*v - 9 = 11. Let j = 18 - v. What is the units digit of j?
8
Suppose 4*s - 3*i + 8*i + 15 = 0, s - 3*i - 9 = 0. Suppose s = t - 29 + 6. What is the units digit of t?
3
Let q(k) be the third derivative of -k**5/60 + k**4/6 + k**3/2 + k**2. Let o be (2 + -10)*(-6)/12. What is the units digit of q(o)?
3
Suppose 69 = -5*h + 194. What is the tens digit of h?
2
Let m be ((-6)/7)/(6/(-28)). Suppose -m*c = -3*b - 123 + 7, 126 = 5*c + b. What is the units digit of c?
6
Let k(b) = b**3 + 14*b**2 + 7*b - 6. What is the tens digit of k(-13)?
7
Suppose 4*d - 2*h + 20 = -12, 5*h = 3*d + 10. What is the units digit of ((-84)/d)/(12/30)?
1
Suppose 0*w + 7*w = 168. What is the tens digit of w?
2
Let m be 1 - 1 - -1 - -4. Suppose -2*y = d + 1, -d - 3 = -m*y + 5. What is the units digit of d/(-2)*(-4)/(-3)?
2
Suppose -3*h = -36 - 123. Suppose -h = -2*a - 3*d, -3*d + 3 = -0. What is the units digit of a?
5
Let o(s) = s**2 - s + 58. What is the tens digit of o(0)?
5
Let c = -12 + 38. What is the units digit of c?
6
Let u(v) be the second derivative of -v**4/12 - v**3 + v**2 + 2*v. What is the units digit of u(-6)?
2
Suppose 2 + 6 = 4*y. Suppose -4*o + 12 = -y*o. What is the units digit of o?
6
Let r be 30/9*(-3 - -30). Suppose r = 4*d + d. What is the units digit of d?
8
Suppose -3 = -2*r + 5. Suppose -7 = -i - r. Suppose -2*v = -i*v + 11. What is the units digit of v?
1
Suppose -4*n + 77 = 3*a, 4*n = -0*a - 4*a + 96. What is the units digit of (a/2)/(7/14)?
9
Suppose 0 = 2*r - 4*r + 6. What is the units digit of r?
3
Let i be 23 - (1 + (-1 - -1)). What is the tens digit of (-6)/1*i/(-4)?
3
Let n = -11 - -7. Let d = n + 7. Suppose -2*g + 10 = d*g. What is the units digit of g?
2
Suppose 0 = 3*t - 9 - 0. Let m = t + -6. What is the units digit of ((-2)/m)/(2/12)?
4
Suppose -4*h + 12 = 4*q, 2*q + 2*h - 16 = 5*h. Suppose -q*w - 16 = -56. What is the units digit of w?
8
Let r = 18 - 26. What is the units digit of r/(-60) - (-118)/15?
8
Let k = 5 - -27. What is the tens digit of k?
3
Let o(p) = -p. Let u(t) = t**2 - 10*t - 3. Let a be u(10). What is the units digit of o(a)?
3
Let g(f) = -2*f**3 - f**2 - 4*f + 1. What is the hundreds digit of g(-4)?
1
Let b = 0 - 12. Let p = b - -15. What is the units digit of p?
3
Let j(w) = 2*w**2 + 7*w - 8. Suppose -3 = v + 3. What is the tens digit of j(v)?
2
Let m = -5 - -8. Suppose -4*t + m + 1 = 0. What is the units digit of t?
1
Suppose 0*i = -2*i - 14. Let z = i - -8. Let n = 4 + z. What is the units digit of n?
5
Let m(l) = l**3 + 9*l**2 + 2*l + 4. Let a be m(-9). What is the tens digit of 3/(-7) + (-398)/a?
2
Let p(l) = 2*l + 2. Let i be p(2). Let v(s) = -s + 8. Let w be v(i). Suppose -w = -4*n + 30. What is the units digit of n?
8
Suppose 0 = -9*l + 5*l + 92. What is the units digit of l?
3
Let q be 0 + 3 + -3 - -2. Suppose 5*f - 7*f + 62 = 4*c, -3*c + 62 = q*f. What is the tens digit of f?
3
Suppose -19 + 59 = 4*f. Suppose -r = 2*r + 5*z + 11, 2*r = z + f. What is the units digit of r?
3
What is the units digit of (-14)/7 + (-5)/(-1)?
3
Let i = -7 - -6. Let b = i + 7. What is the tens digit of ((-15)/(-9))/1*b?
1
Suppose 0 = 4*r - 3*r. Suppose 24 + r = 2*a. What is the units digit of a?
2
Let v = -3 - -5. Let l = v - 0. Suppose l*y + y = 3. What is the units digit of y?
1
What is the units digit of 3/1 + (4 - -10)?
7
What is the hundreds digit of (320/15)/(-4)*309/(-4)?
4
Let c = 39 - -4. What is the tens digit of c?
4
Suppose 5*f + 3*t + 4 - 1 = 0, 23 = -f + 5*t. Let p be 2/(-6) + (-1)/f. Suppose p = 5*g - 2*g - 18. What is the units digit of g?
6
Let w be -4*(-1 + 0)/4. Suppose -5*j + 11 - w = 0. What is the units digit of j?
2
Let v(b) = -1 - 8*b + 2*b - 5*b. Suppose -11 = g + 5*t, t - 2*t = 4*g + 6. What is the tens digit of v(g)?
1
Suppose 0 = -v - 77 + 229. What is the tens digit of v?
5
Let y(b) = -b**3 + 9*b**2 - 4*b - 3. What is the units digit of y(6)?
1
Let d(m) = -m + 286. What is the units digit of d(0)?
6
Let h(z) = z + 1. Let g be h(0). Let f be 6/(-15)*(g - -24). Let d = f - -18. What is the units digit of d?
8
Let x = -17 - -25. What is the units digit of x?
8
Let a(b) = -b**2 + 6*b - 5. Let i be a(5). Let f(c) = -c**2 + 5*c + 15. Let h be f(7). What is the units digit of (-2 + 7 + i)*h?
5
Suppose -3*i = -5*q + 88, 4*i = 3*q - 14 - 30. What is the units digit of q?
0
Let d = 21 - 12. What is the units digit of d?
9
Suppose 2*t = 40 + 10. Suppose 6 + 5 = w - 2*l, 0 = -2*w + l + t. What is the units digit of w?
3
Let w = 52 + -77. Let a = w + 39. What is the tens digit of a?
1
Let j(a) = a + 2. Let r(b) = b**3 - 5*b**2 + 5*b - 6. Let h be r(4). Let i be j(h). Suppose -51 = -3*l - i*l. What is the units digit of l?
7
Suppose 2*f - 7*f = 3*w - 144, -4*w = 2*f - 206. What is the units digit of w?
3
Let q(k) = -2*k**3 + 4*k**2 - k - 2. Let g be q(2). What is the units digit of (-93)/(-12) - (-3)/g?
7
Let v(q) = -14*q + 1. What is the tens digit of v(-8)?
1
Let o be (-5)/3*12/(-4). Suppose o*q + 2 = 6*q. Let a(w) = 3*w**2 + 3*w - 2. What is th